{"id":114,"date":"2018-10-09T21:18:25","date_gmt":"2018-10-09T19:18:25","guid":{"rendered":"http:\/\/sahtg.fr\/?page_id=114"},"modified":"2020-07-25T19:08:16","modified_gmt":"2020-07-25T17:08:16","slug":"bibliographie","status":"publish","type":"page","link":"https:\/\/sahtg.fr\/?page_id=114","title":{"rendered":"Bibliographie"},"content":{"rendered":"\n<p><br><\/p>\n\n\n<p>Notre bibliographie du Tarn-et-Garonne est mise \u00e0 la disposition de tous.<\/p>\n<p>Pour effectuer une recherche \u00e0 l&rsquo;int\u00e9rieur de la bibliographie, cliquez sur le pav\u00e9 noir en haut \u00e0 droite du texte. Le document s&rsquo;ouvre en fen\u00eatre externe. Ensuite, faites un clic droit sur le document \u00e0 n&rsquo;importe quel endroit, puis pressez les touches \u00ab\u00a0CTRL\u00a0\u00bb et \u00ab\u00a0F\u00a0\u00bb (ou bien \u00ab\u00a0cmd\u00a0\u00bb et \u00ab\u00a0F\u00a0\u00bb si vous utilisez Apple) . Une barre de recherche s&rsquo;ouvre. Tapez un\u00a0mot ou un nom, et les occurrences appara\u00eetront surlign\u00e9es dans le document. Vous pouvez passer de l&rsquo;une \u00e0 l&rsquo;autre en pressant la touche \u00ab\u00a0entr\u00e9e\u00a0\u00bb ou \u00e0 l&rsquo;aide des fl\u00e8ches qui se trouvent \u00e0 droite de la barre de recherche qui indique aussi le nombre d&rsquo;occurrences trouv\u00e9es.<\/p>\n<p>Si l&rsquo;article qui vous int\u00e9resse a \u00e9t\u00e9 publi\u00e9 dans un bulletin de la Soci\u00e9t\u00e9 entre 1869 et 2007 inclus, rendez vous dans l&rsquo;onglet LIENS. Vous y trouverez les liens directs vers les bulletins num\u00e9ris\u00e9s sur Gallica.<\/p>\n<p>Pour de nombreux autres titres d&rsquo;articles, ouvrages ou noms d&rsquo;auteurs, essayez en particulier le site Pers\u00e9e.fr.<\/p>\n<p>\u00a0<\/p>\n<p style=\"text-align: center;\"><iframe id=\"s_pdf_frame\" src=\"\/\/docs.google.com\/gview?embedded=true&url=http:\/\/sahtg.fr\/wp-content\/uploads\/2020\/07\/bibliographie.pdf\" style=\"width: 700px; height:900px;\" frameborder=\"0\"><\/iframe><\/p>","protected":false},"excerpt":{"rendered":"<p>Notre bibliographie du Tarn-et-Garonne est mise \u00e0 la disposition de tous. Pour effectuer une recherche \u00e0 l&rsquo;int\u00e9rieur de la bibliographie, cliquez sur le pav\u00e9 noir en haut \u00e0 droite du texte. Le document s&rsquo;ouvre en fen\u00eatre externe. Ensuite, faites un clic droit sur le document \u00e0 n&rsquo;importe quel endroit, puis pressez les touches \u00ab\u00a0CTRL\u00a0\u00bb et [&hellip;]<\/p>\n","protected":false},"author":1,"featured_media":0,"parent":0,"menu_order":5,"comment_status":"closed","ping_status":"closed","template":"template-fullwidth.php","meta":{"footnotes":""},"class_list":["post-114","page","type-page","status-publish","hentry"],"_links":{"self":[{"href":"https:\/\/sahtg.fr\/index.php?rest_route=\/wp\/v2\/pages\/114","targetHints":{"allow":["GET"]}}],"collection":[{"href":"https:\/\/sahtg.fr\/index.php?rest_route=\/wp\/v2\/pages"}],"about":[{"href":"https:\/\/sahtg.fr\/index.php?rest_route=\/wp\/v2\/types\/page"}],"author":[{"embeddable":true,"href":"https:\/\/sahtg.fr\/index.php?rest_route=\/wp\/v2\/users\/1"}],"replies":[{"embeddable":true,"href":"https:\/\/sahtg.fr\/index.php?rest_route=%2Fwp%2Fv2%2Fcomments&post=114"}],"version-history":[{"count":28,"href":"https:\/\/sahtg.fr\/index.php?rest_route=\/wp\/v2\/pages\/114\/revisions"}],"predecessor-version":[{"id":1068,"href":"https:\/\/sahtg.fr\/index.php?rest_route=\/wp\/v2\/pages\/114\/revisions\/1068"}],"wp:attachment":[{"href":"https:\/\/sahtg.fr\/index.php?rest_route=%2Fwp%2Fv2%2Fmedia&parent=114"}],"curies":[{"name":"wp","href":"https:\/\/api.w.org\/{rel}","templated":true}]}}