{"id":277,"date":"2018-10-13T09:04:04","date_gmt":"2018-10-13T07:04:04","guid":{"rendered":"http:\/\/sahtg.fr\/?page_id=277"},"modified":"2026-02-18T10:03:27","modified_gmt":"2026-02-18T09:03:27","slug":"programme","status":"publish","type":"page","link":"https:\/\/sahtg.fr\/?page_id=277","title":{"rendered":"Programme 2026"},"content":{"rendered":"<p>Les s\u00e9ances se tiennent le<strong> deuxi\u00e8me mercredi de chaque mois<\/strong> (sauf exception, et hormis les mois de juillet-ao\u00fbt et septembre), \u00e0 17h, dans la salle de conf\u00e9rences de la Maison de la Culture, Ancien Coll\u00e8ge, 25 all\u00e9e de l&rsquo;Empereur \u00e0 Montauban.<\/p>\n<p><span class=\"Apple-converted-space\">\u00a0<strong><span style=\"color: #ff0000;\">14<\/span><\/strong><\/span><b><span style=\"color: #ff0000;\">\u00a0janvier<\/span>\u00a0<\/b>\u2013 <b style=\"font-size: revert;\"><span lang=\"DE\">Le ch\u00e2teau de Verdun-sur-Garonne, de la forteresse m\u00e9di\u00e9vale \u00e0 la villa Maria, dite \u00ab\u00a0ch\u00e2teau de la reine Margot\u00a0\u00bb<\/span><\/b><span style=\"font-size: revert;\">, par Michel Manson.<\/span><\/p>\n<p><span class=\"Apple-converted-space\">\u00a0<\/span><span style=\"color: #ff0000;\"><b>11 f\u00e9vrier <\/b><span style=\"color: #000000;\">\u2013 ASSEMBLEE GENERALE ET REMISE DES PRIX ANNUELS. <\/span><\/span><\/p>\n<p><span style=\"color: #ff0000;\"><span style=\"color: #000000;\">Intervention de Georges Passerat : 1<strong>826-2026, bicentenaire de la visite d&rsquo;Ingres \u00e0 Montauban<\/strong><\/span><\/span><\/p>\n<p><span class=\"Apple-converted-space\">\u00a0<strong><span style=\"color: #ff0000;\">11<\/span><\/strong><\/span><b><span style=\"color: #ff0000;\">\u00a0mars<\/span>\u00a0<\/b>\u2013 <b>Une reine bafou\u00e9e : Marguerite de Valois en Gascogne de 1578 \u00e0 1585<\/b>, par Guy Astoul<\/p>\n<p><span class=\"Apple-converted-space\">\u00a0<strong><span style=\"color: #ff0000;\">8<\/span><\/strong><\/span><strong><span style=\"color: #ff0000;\">\u00a0avril <\/span><\/strong>\u2013 <strong>La caserne du 17e escadron territorial du train des \u00e9quipages militaires (E.T.T.E.M.), dite \u00ab\u00a0caserne Andr\u00e9ossy\u00a0\u00bb, <\/strong>par Emmanuel Moureau<\/p>\n<p><span class=\"Apple-converted-space\">\u00a0<\/span><b><span style=\"color: #ff0000;\">13 mai<\/span>\u00a0<\/b>\u2013 <strong>Les fa\u00efences d&rsquo;Ardus et de N\u00e8grepelisse sous le regard d&rsquo;Edouard Foresti\u00e9, collectionneur et historien<\/strong>, par Jean-Michel Garric<\/p>\n<p><span class=\"Apple-converted-space\">\u00a0<\/span><b><span style=\"color: #ff0000;\">10 juin<\/span>\u00a0<\/b>\u2013 <strong>L&rsquo;abbaye du Mas-Grenier. Regards sur son histoire<\/strong>, par Georges Passerat<\/p>\n<p><span class=\"Apple-converted-space\">\u00a0<strong><span style=\"color: #ff0000;\">14<\/span><\/strong><\/span><b><span style=\"color: #ff0000;\">\u00a0octobre<\/span>\u00a0<\/b>\u2013 <b>Les infanticides devant la cour d&rsquo;assises en Tarn-et-Garonne au XIXe si\u00e8cle<\/b>, par Jean-Fran\u00e7ois Delord<\/p>\n<p><span class=\"Apple-converted-space\">\u00a0<span style=\"color: #ff0000;\">ATTENTION : exceptionnellement, la s\u00e9ance de novembre aura lieu le <strong>VENDREDI<\/strong> <strong>13 <\/strong><\/span><\/span><b><span style=\"color: #ff0000;\">novembre, \u00e0 <\/span><\/b><strong><span style=\"color: #ff0000;\">l&rsquo;Espace des<\/span><\/strong><span style=\"color: #ff0000;\"><strong> Augustins<\/strong> (rue des Augustins) <\/span>\u2013 <strong>Journ\u00e9es arch\u00e9ologiques d\u00e9partementales &#8211; d\u00e9couvertes r\u00e9centes.<\/strong><\/p>\n<p><span class=\"Apple-converted-space\">\u00a0<strong><span style=\"color: #ff0000;\">9<\/span><\/strong><\/span><strong><span style=\"color: #ff0000;\">\u00a0d\u00e9cembre<\/span>\u00a0<\/strong>&#8211; <b>\u00a01942-1945, la milice en Tarn-et-Garonne pendant la Seconde Guerre mondiale<\/b>, par Jean-Pierre Gauch\u00e9<\/p>\n","protected":false},"excerpt":{"rendered":"<p>Les s\u00e9ances se tiennent le deuxi\u00e8me mercredi de chaque mois (sauf exception, et hormis les mois de juillet-ao\u00fbt et septembre), \u00e0 17h, dans la salle de conf\u00e9rences de la Maison de la Culture, Ancien Coll\u00e8ge, 25 all\u00e9e de l&rsquo;Empereur \u00e0 Montauban. \u00a014\u00a0janvier\u00a0\u2013 Le ch\u00e2teau de Verdun-sur-Garonne, de la forteresse m\u00e9di\u00e9vale \u00e0 la villa Maria, dite [&hellip;]<\/p>\n","protected":false},"author":1,"featured_media":0,"parent":0,"menu_order":4,"comment_status":"closed","ping_status":"closed","template":"","meta":{"footnotes":""},"class_list":["post-277","page","type-page","status-publish","hentry"],"_links":{"self":[{"href":"https:\/\/sahtg.fr\/index.php?rest_route=\/wp\/v2\/pages\/277","targetHints":{"allow":["GET"]}}],"collection":[{"href":"https:\/\/sahtg.fr\/index.php?rest_route=\/wp\/v2\/pages"}],"about":[{"href":"https:\/\/sahtg.fr\/index.php?rest_route=\/wp\/v2\/types\/page"}],"author":[{"embeddable":true,"href":"https:\/\/sahtg.fr\/index.php?rest_route=\/wp\/v2\/users\/1"}],"replies":[{"embeddable":true,"href":"https:\/\/sahtg.fr\/index.php?rest_route=%2Fwp%2Fv2%2Fcomments&post=277"}],"version-history":[{"count":19,"href":"https:\/\/sahtg.fr\/index.php?rest_route=\/wp\/v2\/pages\/277\/revisions"}],"predecessor-version":[{"id":1324,"href":"https:\/\/sahtg.fr\/index.php?rest_route=\/wp\/v2\/pages\/277\/revisions\/1324"}],"wp:attachment":[{"href":"https:\/\/sahtg.fr\/index.php?rest_route=%2Fwp%2Fv2%2Fmedia&parent=277"}],"curies":[{"name":"wp","href":"https:\/\/api.w.org\/{rel}","templated":true}]}}